g + 20*g + 21949, -4*z = -r*g - 17558. Is z composite?
False
Suppose -161 = -186*b + 179*b. Suppose 0 = -b*c - 8*c + 286409. Is c composite?
False
Suppose -8 + 2 = -2*c. Suppose c*z = -18*z + 80493. Is z prime?
True
Let r(y) = -26*y - 53. Let t(a) = -27*a - 51. Let l(x) = 5*r(x) - 6*t(x). Is l(15) a composite number?
False
Let l = 49 + -44. Let y(m) = 43*m**3 - 16*m**2 + 29*m - 41. Let f(r) = 29*r**3 - 11*r**2 + 19*r - 27. Let b(p) = 8*f(p) - 5*y(p). Is b(l) a prime number?
True
Let k be ((-24)/(-32))/((30/16)/5). Let u be (-1)/(150/(-74) + k). Let f = u - 18. Is f prime?
True
Let d(g) = g**2 + 17*g - 10. Let w be d(-9). Let o = w + 84. Suppose -5*y = 5*x - 235, -5*y = -o - 3. Is x composite?
True
Suppose 9*t = -2*s + 6*t - 18, 4*t + 13 = s. Is 0 + 6197 - (6 - 6)/s prime?
True
Let c = 62359 - 11700. Is c a composite number?
True
Let h(s) = -s**2 - 8*s + 16. Let j be h(-8). Is 12584/j - 2/(-4) a composite number?
False
Let m = -5 + 11. Let b(u) = -3*u**2 + 80*u + 31. Let g be b(27). Is (g/m)/((-2)/(-993)) a prime number?
True
Let y be 30/(-6) - (6 + -121). Let s = -266 + 42. Let z = y - s. Is z prime?
False
Suppose 0*g = 4*r - 2*g - 1244602, -4*r + 1244560 = 4*g. Is r a composite number?
True
Suppose 0 = 5*r - 10*r + 20. Let v be r + -1*5/5. Suppose -3*f + v*x + 3766 + 6908 = 0, x = 2*f - 7121. Is f a prime number?
False
Suppose -3*n = 56 + 7. Let j = 21 + n. Is (2 + -1)*(55 - j) a composite number?
True
Let j be 32 + -33 - (1 - (-2)/(-2)). Let s be (1 + 3/j)/((-4)/10). Suppose -5*a - s*u = -270, 2*a - 4*u - 208 = -2*a. Is a a composite number?
False
Suppose 93827 = c + 4*n, -5*c = -32*n + 27*n - 469285. Is c a prime number?
True
Let x = 405 - 394. Suppose 274156 - 5327 = x*h. Is h composite?
False
Let n(x) = -70860*x - 7877. Is n(-12) a composite number?
True
Suppose 26*h = 27*h - 3. Suppose -4*k + 1 = -5*k - o, 0 = k - 2*o - 11. Suppose -2*y = -k*t - 1064, -3*y + h*t = y - 2122. Is y composite?
True
Let m = 380995 - 213402. Is m a composite number?
False
Let f = 891 - -6140. Let k = -2557 + f. Is k a composite number?
True
Suppose -5*i = -q + 164 + 1212, -2*q = -5*i - 2737. Is q a prime number?
True
Let y(r) = 9506*r + 5. Is y(1) a composite number?
False
Suppose 3*q + 0*l = -l + 5181, -l = 0. Let g = -450 + q. Is g a prime number?
True
Let s = -394259 - -604606. Is s a prime number?
True
Let v be ((-1 - 1)*-2)/(7/(-84)). Let h = v + 74. Is 787/(22/h - (-4)/26) prime?
True
Suppose 0 = 7*x - 3*x - 5*g - 7077, 2*g = -4*x + 7098. Let q be (-1)/(6/3 + x/(-887)). Is (-3 + (10 + -4)/3)*q prime?
True
Is -1 + ((-57)/38)/((-1)/((-1089904)/(-12))) a prime number?
True
Let g(q) = 1035*q - 17. Let d be (-4)/(-6)*-6 + (6 - 0). Is g(d) a composite number?
False
Suppose -13089 = -3*q + 3*m, 14708 = 4*q - 5*m - 2742. Is 1/(2 - q/2185) a composite number?
True
Let t be (-1 - 0)/(-1)*(-50 - 49). Is (6294/8)/(t/(-132)) a composite number?
False
Let q(l) = -3105*l - 1157. Is q(-32) composite?
True
Suppose 2*r = -4*t - 2, -9*r + 2*t = -4*r - 31. Suppose -5*y + 5*n + 10055 = -185, 0 = 2*y + r*n - 4103. Is y prime?
False
Suppose 0 = 13*p - 618 - 734. Suppose 0*m = m - p. Suppose -m = -5*i + 851. Is i a prime number?
True
Suppose -1261214 = g - 17*g + 2941682. Is g prime?
True
Let o(a) = -2*a**2 + 227*a + 4969. Is o(0) a prime number?
True
Let q be (96/(-80))/(2/5). Let k be -4 + 4091*(2 - 3). Is q/12 - k/12 composite?
True
Let n(o) = -2*o**2 + 21*o + 16. Let u be n(11). Suppose 4*h = 3*s + 1, 2*s = u*h - 2 - 8. Suppose 1133 = h*v - 23. Is v a composite number?
True
Let o(s) = 46*s**3 + 2*s**2 - 6*s + 7. Suppose -22*p = -14*p - 24. Is o(p) prime?
True
Let f = 6 - 4. Suppose 13*p - f*p - 39842 = 0. Is p a composite number?
True
Let q = 709384 + -407067. Is q a composite number?
False
Suppose 0 = -3*s + 292 + 16532. Let h = s + 2009. Is h prime?
False
Let m(j) = -825*j - 16. Suppose 0 = -23*u - 2 - 21. Is m(u) a prime number?
True
Suppose 5*s = -1687 - 328. Let y be (s - 7)*((-1 - -2) + 0). Let o = y + 643. Is o a prime number?
True
Is (34607005/279 - -28) + 4/(-9) prime?
True
Suppose -12074617 = -4*q - 3*x, -q + 1603571 = -x - 1415085. Is q a prime number?
False
Let y(m) = -1336*m**2 - 10*m + 24. Let d(l) = -1338*l**2 - 11*l + 22. Let j(k) = -5*d(k) + 4*y(k). Is j(1) a composite number?
True
Let n = 0 + 3. Suppose -5*j - 4942 = -3*s + 2052, -n*s + 6996 = -3*j. Is s a composite number?
False
Let k(w) = 9*w**2 - w**3 - 7*w**2 - 15 - 19*w - 11*w**2. Is k(-20) a prime number?
False
Let k be 4/14 + 8*(-48)/(-28). Suppose -5*w - 3*o = -62, 0 - k = -3*w + 4*o. Let a(z) = 6*z**2 - 10*z + 2. Is a(w) prime?
False
Is 10/(-6) - 1082944/(-96) composite?
False
Suppose 5*n = -y - 20, -3*n + 10 = 5*y - 0*n. Suppose 5*m + 3*g + 505 = 19, 504 = -y*m + 3*g. Let i = 182 + m. Is i prime?
True
Let z = 62607 - 29320. Is z composite?
False
Is (25 - (-560)/(-10))*(6*-186 + -1) a prime number?
False
Suppose 25 = 13*d - 8*d. Let k(h) = 3*h**3 - h**2 + h. Let n be k(d). Suppose -3*a + 203 + n = 3*j, 2*j = a - 201. Is a composite?
False
Suppose y + 7872 = 2*h, 61*y + 19671 = 5*h + 63*y. Is 1*h*(16 + -15) prime?
False
Let r(o) = 161*o**2 + 112*o - 1132. Is r(-59) composite?
True
Let l be ((-8)/12)/(5/(675/(-6))). Suppose 0 = l*j - 62727 + 14742. Is j a prime number?
False
Suppose -81480 = 26*u - 14*u. Is (7 - (u - 7)) + -3 a prime number?
False
Let n(z) = 63*z**2 - 31*z - 17. Let o be 2860/(-396) - 2/(-9). Is n(o) a composite number?
True
Let x(f) = 2*f**2 + 11*f - 1. Suppose 10 = -13*i - 68. Let m be x(i). Suppose m*w = 13951 + 4284. Is w a composite number?
True
Let c(w) = -465*w + 26. Let r(o) = -1395*o + 77. Let q(t) = -7*c(t) + 2*r(t). Let l be q(6). Suppose 23 = 5*u - l. Is u composite?
False
Suppose 5*k = 4*f - 371539, -5*k = -0*k - 25. Suppose -11*n + f = 8*n. Is n a prime number?
True
Suppose 5*w - 6 = 3*g + 6, -4 = g - 3*w. Let o be -1*((-8)/(-2))/g. Is ((-3)/6 + o)*106 composite?
False
Suppose 5*z + 42 - 12 = 0. Let c be ((-10)/z)/(5/15). Suppose c*u - 2560 = -575. Is u a prime number?
True
Let q(a) = 4*a**3 - 2*a**2 - 13*a + 24217. Is q(0) prime?
False
Suppose 3251*r - 3274*r + 4822801 = 0. Is r a composite number?
False
Let u(m) be the third derivative of -m**4/24 + 367*m**3/2 + 73*m**2. Is u(0) composite?
True
Let w = -137 - -139. Is ((-170)/5 - 0)/(w/(-137)) prime?
False
Let b be 24/(-30) - 9/(-5). Let x be (0/b)/(-4 + 3). Suppose -5*c + 270 - 5 = x. Is c a prime number?
True
Suppose -7*b - 2 = -37. Suppose b*o + 3*g = -0*g + 137594, 55043 = 2*o + 3*g. Is o composite?
True
Let i(q) = 8*q - 4. Let t be i(-4). Let a be 9/(t/(-16)) - -1747. Let r = 3222 - a. Is r prime?
True
Let k be 714/28 + (-3)/2. Suppose k*l = 3*l + 19047. Is l a prime number?
True
Let j(d) = d**2 + 2*d - 1. Suppose 0 = 7*z - z - 36. Let w be 1 + 11 + (10 - z). Is j(w) composite?
True
Let d(j) = -j**2 - 3*j + 251. Suppose 0 = 10*x - 16*x + 12. Suppose -x*k = -3*c - c, -k - 4*c = 0. Is d(k) composite?
False
Let m = 16 - 22. Let j = -966 + 3519. Is j*((-8)/m + -1) a prime number?
False
Let p(s) be the first derivative of 4*s**3 - 5*s**2/2 + 8*s + 458. Let k(q) = q**3 - 6*q**2 - q - 1. Let m be k(6). Is p(m) prime?
True
Suppose -3*y + 498400 + 2133335 = 4*f, -3*y = -5*f - 2631762. Is y composite?
True
Suppose -129*z + 183229 = -126*z + t, 244318 = 4*z - 5*t. Is z composite?
True
Let q(v) = 94*v**2 - 10*v - 3. Let r be q(5). Suppose -3*c + 14170 = -r. Is c a composite number?
True
Let r(l) = l + 3*l - l**3 + 0*l - 5*l. Let s be r(1). Is (0 - s/3)/((-14)/(-6951)) a composite number?
False
Suppose 0 = 12*x + x - 1157. Let o = 89 - x. Suppose -4*q - 3189 + 11873 = o. Is q a composite number?
True
Let i be (-1417)/52 + (-2)/(-8). Is ((-207)/i - 7)/((-2)/(-8781)) a prime number?
True
Suppose -404*s - 49579608 = -508*s. Is s composite?
True
Suppose 2*r - 8*u - 194064 = -5*u, -485085 = -5*r - 5*u. Is r composite?
True
Let q(w) = 9088*w**2 + 21*w - 16. Is q(3) prime?
True
Let n(j) = 436*j**2 + 31*j - 28. Is n(3) a prime number?
True
Let g(h) = -24279*h - 128. Is g(-5) prime?
True
Let f(k) be the first derivative of -53*k**4/4 + 4*k**3/3 + k**2/2 - 7*k + 7. Let a be f(-5). Suppose 3*u + 4*u - a = 0. Is u a composite number?
True
Suppose 5*y + z - 20 = -0, 2*y = -4*z - 10. Suppose 130 = p + 3*i + 11, y*p + i = 651. Suppose